 x(14).
5, 67
Suppose 2*t + 0*b + 3*b - 520 = 0, 3*b + 1040 = 4*t. Suppose 3*r + 6*i = 3*i + 192, -4*r + t = 3*i. List the prime factors of r.
2, 17
Let q(z) be the second derivative of -z**5/20 - z**4/2 + 2*z**3/3 - 7*z**2 + z. Let d be -7 + -7 + 9 + -2. What are the prime factors of q(d)?
7
Let x = 10 - 20. Let k = x - -10. Suppose k*t - 78 = -6*t. List the prime factors of t.
13
Suppose -c + 418 = -5*q, 2*q = 2*c - 268 + 96. What are the prime factors of 2/(-4)*(q + -11)?
47
Suppose -w + k - 6*k + 441 = 0, -5*k - 2145 = -5*w. What are the prime factors of w?
431
What are the prime factors of 8280/14 + (-75)/175?
3, 197
Let q(s) = 570*s. What are the prime factors of q(1)?
2, 3, 5, 19
Suppose -5*o - 3 = -6*o. Suppose 4 = -o*x + 4*u, -4*x + 42 = 5*u + 6. Suppose -2*n = -h + 25, -2*h = x*n + 21 - 111. List the prime factors of h.
5, 7
Let p be (30/(-4))/((-1)/(-2)). Let y = -5 - p. What are the prime factors of (-4)/y + 2032/80?
5
Let r(c) = -c + 5. Let j be r(15). What are the prime factors of 435/j*(-4 + 2)?
3, 29
Let u = 25 + -13. Let q = 27 - 29. Let s = u + q. List the prime factors of s.
2, 5
Let g = 2441 + -1556. Suppose -g = -3*w - 2*w. List the prime factors of w.
3, 59
Let u(i) = -i**3 - 6*i**2 - 5*i. Let k be u(-5). Suppose -2*j - 89 = 5*o + 84, k = 3*o - 4*j + 83. List the prime factors of 1/((-3)/o - 0).
11
Suppose -3*d - 12 = 0, -3*w - 5*d + 458 = -971. What are the prime factors of w?
3, 7, 23
Let f = 40 - 43. Let j = f - -37. List the prime factors of j.
2, 17
Suppose 0 = -5*i + 25, -5*i - 27 = 4*c - 4*i. Let n = 11 + c. List the prime factors of n.
3
Let k(z) = 33*z**3 - z**2 + 3*z + 2. List the prime factors of k(3).
19, 47
Suppose -7*w + 10 = -2*w. Suppose w*h - o + 2*o = 167, -4*h + 2*o = -322. Let x = h - 37. What are the prime factors of x?
3, 5
List the prime factors of (-4278)/(-1) + (-98)/49.
2, 1069
Let s(u) = 57*u + 40. Let b(o) = -55*o - 41. Let y(z) = -6*b(z) - 5*s(z). What are the prime factors of y(5)?
271
Let a(t) = 3104*t**2 - 21*t + 15. List the prime factors of a(1).
2, 1549
Let u(w) = 4*w - 1. Let p(b) = 12*b - 3. Let h(t) = -3*p(t) + 8*u(t). List the prime factors of h(-2).
3
Let l(o) = -o**2 + 13*o - 4. List the prime factors of l(4).
2
Let r = 4975 + -2592. What are the prime factors of r?
2383
Let v = -4 + -14. Let k = v + 21. Suppose 12 = k*y - 105. What are the prime factors of y?
3, 13
Let g(d) = 155*d**2 + 43*d + 44. What are the prime factors of g(-1)?
2, 3, 13
Suppose -5 = -b - 3. Let u = 17 - b. Suppose 5*w - 2*o - 91 = 0, -4*w + u = 3*o - 44. What are the prime factors of w?
17
Let r(g) = 6*g**2 - g - 2. Let b be r(2). List the prime factors of (16/b)/(6/435).
2, 29
Let h(i) = 84*i + 642. What are the prime factors of h(25)?
2, 3, 457
Let h(d) = 1394*d - 123. Let c(z) = -57*z + 5. Let r(p) = -123*c(p) - 5*h(p). Let q be 1 + (-1 - -1*1). List the prime factors of r(q).
41
Let a be 50/((-12)/(-3) - 2). Let r = a + 8. What are the prime factors of r?
3, 11
Suppose -2*m + 1392 = 2*d, -m + 2*d + 0*d = -696. What are the prime factors of m?
2, 3, 29
Let b(o) be the first derivative of -o**2 + 5*o - 9. List the prime factors of b(-4).
13
Suppose -3*n - 2*u = 3*u - 536, 0 = 2*n + 2*u - 356. Suppose -4*y - 16 = 0, 4*y - n = -3*l + 116. List the prime factors of l.
103
Let x = -715 + 1349. What are the prime factors of x?
2, 317
What are the prime factors of (4/2)/(5/(-10)) + 1961?
19, 103
Let d(o) = -3*o + 18. Let p be d(6). Let j(w) = -w**2 + w + 40. Let x be j(p). List the prime factors of x + (5 - (2 - -1)).
2, 3, 7
Suppose -70 = 2*i + 236. Let l = i - -217. What are the prime factors of l?
2
Let d(t) = -t**2 + 5*t + 2. Suppose -2*u + 0*u + 12 = 0. Let x be d(u). What are the prime factors of ((-165)/6)/(2/x)?
5, 11
Let b be (7/(35/6))/((-3)/(-2230)). Suppose -2*n + b = 3*s + 2*s, 5*s + 4*n = 894. List the prime factors of s.
2, 89
Suppose 4*g - 567 = y, 6*y = -g + 3*y + 158. Let p = g + -14. List the prime factors of p.
3, 43
List the prime factors of (5 + -3)/(32/17408).
2, 17
Let f(h) = 65*h**2 + 41*h + 185. List the prime factors of f(-9).
5081
Let o(y) = y**2 - 20*y + 47. Let v(r) = -2*r**3 + r**2 + 2*r + 3. Let g be v(-2). What are the prime factors of o(g)?
2, 7
Suppose 0 = -t + 4*l + 1190, -l + 3598 = 3*t + l. What are the prime factors of t?
2, 599
Suppose 2*u - 2*j + 3 - 5 = 0, 2*u + 4 = -4*j. Suppose u = 13*a - 16*a + 9. List the prime factors of a.
3
Suppose -4*w = 19*l - 17*l - 508, 3*w + 2*l = 379. What are the prime factors of w?
3, 43
Let f(i) be the second derivative of i**6/144 + i**5/120 - i**4/6 - 6*i. Let c(q) be the third derivative of f(q). List the prime factors of c(6).
31
Let n(h) = h**3 - h**2 + h - 4. Let u be n(0). Let a = 2 - u. Suppose 4*i = a*i - 68. List the prime factors of i.
2, 17
Let m be 1 + (3 + -2)*-1. Suppose m = 2*j + 5*x - 36, 0 = 4*x - 0 - 8. What are the prime factors of -3 + 1 + 2 + j?
13
Let g be 4852/(1/(-2)*-4). Let r be (-30)/(-135) + g/18. Let q = r - 66. List the prime factors of q.
3, 23
Let i = 37 - -17. Suppose -25*c + 267 = 42. Suppose c*r - i = 8*r. What are the prime factors of r?
2, 3
Let o be ((-3)/1)/3*0. Suppose -288 = -o*k - 4*k. Suppose -t - 3*t + k = -4*v, 3*v + 77 = 4*t. List the prime factors of t.
23
Let l(t) = -t**2 + 15*t - 9. Let f(j) = -j**2 - 4. Let b be f(0). Let g be (-3)/(-12) - 55/b. List the prime factors of l(g).
5
Let z(t) be the second derivative of t**5/20 - 5*t**4/6 - 5*t**3/3 - 9*t**2/2 + 11*t. List the prime factors of z(11).
2
Let b(i) = 260*i**2 - 122*i - 487. List the prime factors of b(-4).
3, 19, 73
Let v(f) = -3*f + 86. List the prime factors of v(-10).
2, 29
Let n = 894 + -427. List the prime factors of n.
467
Let y be (6/(-4*(-4)/(-8)))/(-1). Suppose 0 = y*k - 3*q - 789, -432 = -3*k - 2*q + 347. List the prime factors of k.
3, 29
Let t = -24 + 26. Let m be 3*1 - (-10)/t. Suppose m*l - 4*l - 236 = 0. List the prime factors of l.
59
Suppose 374*l = 370*l + 6360. List the prime factors of l.
2, 3, 5, 53
Let m = 78 + -69. Let o(g) = -g**3 + 8*g**2 + 15*g - 7. Let j(z) = 2*z**3 - 16*z**2 - 29*z + 13. Let p(t) = -4*j(t) - 7*o(t). List the prime factors of p(m).
3, 5
Let j(m) = 3*m**2 - 8*m + 10. Let h be j(5). Let a be (-444)/10 + 18/h. Let r = a - -76. What are the prime factors of r?
2
Let t(w) = -w**2 + 2. Let p = 9 - 7. Let k be t(p). List the prime factors of (-3)/3*11*k.
2, 11
Let z = -11 - -15. Suppose 23 = z*b + 159. List the prime factors of b/(1*(3 + -5)).
17
Suppose 24 - 2752 = -11*t. Suppose 5*w = -3*w + t. List the prime factors of w.
31
Let a(t) = 7*t**2 - 6*t - 7. Let f be a(-4). Let b = 230 - f. List the prime factors of b.
101
Suppose -s - 102 - 223 = 0. Let x be s/(-10)*(-8)/10. Let c = -13 - x. What are the prime factors of c?
13
What are the prime factors of 22/88 - (-135)/4?
2, 17
Let w = -21 + 25. Let h = 59 + 46. Suppose 5*s + r + 3*r = h, -w*r - 45 = -s. What are the prime factors of s?
5
List the prime factors of 24242/184 + 1/4.
2, 3, 11
Let d = -5 + 9. Suppose u = -d*u. Suppose 2*p - 18 + 0 = u. What are the prime factors of p?
3
Suppose 4*i + 3*s - 2776 = 0, -s = -i - 281 + 968. List the prime factors of i.
691
Let h be 18/(-8) + 1/4. Let o be h/10 + (-64)/(-20). Let a = 18 + o. What are the prime factors of a?
3, 7
Let p(d) = -2*d**2 + 5*d + d**2 - 2 + 2*d**2 + 3*d. Suppose 4*y + 3*o = -36, y - o - o = -9. What are the prime factors of p(y)?
7
Let y(m) = -145*m - 564. What are the prime factors of y(-33)?
3, 7, 67
Let n be (-1)/(-5) + 61/(-5). Let j = -7 - n. Suppose 0*q - j*x = 3*q - 71, 25 = -5*x. List the prime factors of q.
2
Let h be 1 + (-2 - 0) - -135. Let l = h - 51. List the prime factors of l.
83
List the prime factors of 36/(-162) + 4540/18.
2, 3, 7
Let x(j) be the first derivative of 9*j**2 - 3*j - 3. Suppose -4 = -k - 0*k. What are the prime factors of x(k)?
3, 23
Let d(y) = y**3 + 16*y**2 + y + 22. Let b be d(-16). Suppose 2*c + 2*n - 18 = 0, c + 4*n - b = 3*c. What are the prime factors of c?
5
Let h(g) = -331*g + 2. Let r be h(14). Let f be r/15 - 4/20. List the prime factors of f/(-6) + 3/(-2).
2, 5
Let q = 6 + 2. Let b be 391/q - 20/(-160). Let j = b + -26. What are the prime factors of j?
23
Suppose -12 = 2*t - t. Let j be 15 + 0/(9 - 3). Let z = t + j. List the pr